alculate the greatest common factor of 43635715 and 506.
23
Calculate the highest common divisor of 135 and 5810958.
9
Calculate the greatest common factor of 13752718 and 70.
14
Calculate the greatest common divisor of 2723 and 83223.
7
What is the greatest common divisor of 98700 and 280700?
700
Calculate the highest common factor of 13031266 and 145.
29
What is the greatest common divisor of 1299376 and 34112?
208
What is the highest common factor of 479430 and 378?
126
What is the highest common factor of 72044 and 7734272?
2324
Calculate the highest common factor of 2541045 and 157785.
2355
Calculate the greatest common factor of 13 and 344049407.
13
Calculate the highest common factor of 11716422 and 12.
6
What is the greatest common factor of 139025 and 956575?
2075
Calculate the highest common factor of 620501 and 217.
7
What is the greatest common divisor of 547230 and 4335?
255
What is the greatest common divisor of 8060 and 87972885?
2015
What is the highest common factor of 78 and 44479214?
26
Calculate the highest common divisor of 60 and 7437036.
12
What is the greatest common divisor of 691812 and 24552?
396
Calculate the greatest common divisor of 78927891 and 5208.
651
Calculate the greatest common divisor of 2460 and 424554180.
2460
Calculate the greatest common divisor of 7109840 and 64.
16
What is the greatest common factor of 5175 and 1231420?
115
Calculate the greatest common factor of 1198 and 74322722.
1198
What is the highest common divisor of 1561 and 56415209?
223
What is the greatest common divisor of 660 and 5630580?
60
What is the highest common divisor of 237210193 and 33?
11
What is the highest common divisor of 12887 and 917819?
49
What is the highest common divisor of 396100 and 1943220?
4660
Calculate the greatest common factor of 518 and 683422523.
259
What is the greatest common divisor of 431787 and 2445978?
489
Calculate the greatest common divisor of 2220 and 181792840.
740
Calculate the greatest common divisor of 68248 and 594476.
1796
What is the greatest common divisor of 265349747 and 91?
13
What is the highest common factor of 11 and 18756001?
11
What is the greatest common factor of 6525 and 689301?
261
Calculate the greatest common divisor of 3653274 and 25322.
2302
Calculate the greatest common divisor of 13436558 and 4504.
1126
What is the highest common factor of 102404 and 22388?
4
What is the greatest common factor of 86300912 and 4296?
1432
What is the highest common factor of 1472 and 27455744?
1472
What is the greatest common factor of 34524113 and 13?
13
What is the greatest common divisor of 14994 and 2764251?
1071
Calculate the greatest common factor of 3895380 and 332010.
1530
What is the greatest common factor of 71 and 7302705?
71
What is the highest common divisor of 12710 and 729800?
410
Calculate the highest common divisor of 119009982 and 3885.
777
Calculate the highest common divisor of 1879437845 and 1355.
1355
What is the greatest common factor of 59825 and 356425?
25
What is the greatest common factor of 68228 and 46250?
74
What is the highest common factor of 1496 and 99587224?
1496
What is the greatest common divisor of 21884631 and 35592?
4449
What is the highest common factor of 20007 and 3242616?
741
What is the greatest common factor of 93216 and 25872?
48
Calculate the greatest common divisor of 36960 and 894880.
1120
Calculate the greatest common divisor of 7265110 and 8905.
685
Calculate the greatest common divisor of 2439 and 46647.
9
Calculate the highest common divisor of 76 and 59725569.
19
Calculate the greatest common divisor of 60392 and 5216.
8
What is the highest common factor of 15 and 3611395?
5
What is the greatest common factor of 329 and 614522321?
329
What is the greatest common divisor of 2571 and 400384401?
2571
What is the highest common factor of 5535 and 34695?
135
Calculate the greatest common divisor of 23746625 and 15925.
1225
Calculate the highest common factor of 57 and 9099347.
19
Calculate the greatest common factor of 7722 and 2426787.
297
What is the greatest common factor of 66117 and 15?
3
What is the highest common divisor of 28314 and 6509074?
3146
Calculate the highest common divisor of 29696 and 395908.
116
What is the highest common divisor of 12793 and 13541?
11
What is the highest common divisor of 40 and 15303185?
5
What is the greatest common divisor of 910 and 220441130?
910
What is the greatest common divisor of 2620 and 14381080?
20
Calculate the greatest common factor of 436880 and 5138928.
2032
What is the highest common factor of 97910 and 4390?
10
Calculate the greatest common divisor of 24438 and 6792.
6
What is the greatest common divisor of 99036 and 2142?
126
Calculate the highest common factor of 27643076 and 1192.
596
Calculate the greatest common divisor of 895435483 and 37.
37
Calculate the greatest common factor of 130769583 and 147.
147
What is the greatest common divisor of 11144640 and 38285?
1235
Calculate the greatest common divisor of 39 and 68624101.
13
What is the greatest common divisor of 1444 and 12746796?
76
Calculate the highest common factor of 11945582 and 44.
22
Calculate the highest common factor of 57 and 424532694.
57
Calculate the greatest common divisor of 4368 and 6356298.
78
Calculate the highest common divisor of 152 and 63111032.
8
What is the highest common factor of 211729 and 55419?
1421
What is the greatest common factor of 1623209 and 3283?
469
What is the highest common divisor of 203775 and 2548?
13
Calculate the greatest common factor of 14775852 and 70266.
294
Calculate the greatest common factor of 2914 and 127934.
94
What is the greatest common factor of 7255 and 14520157?
1451
Calculate the greatest common factor of 1140035 and 1560.
65
What is the highest common divisor of 205 and 574082?
41
What is the highest common divisor of 29 and 985165931?
29
What is the highest common factor of 17404 and 4313215?
229
Calculate the highest common divisor of 748148 and 742.
106
Calculate the highest common factor of 618 and 170730.
6
Calculate the highest common divisor of 42440 and 616040.
40
What is the highest common factor of 189195608 and 1288?
1288
Calculate the highest common divisor of 16318 and 52461176.
398
What is the greatest common divisor of 1081957629 and 9579?
9579
What is the highest common divisor of 241272599 and 23?
23
Calculate the greatest common divisor of 2052 and 1633284.
108
What is the highest common factor of 3982 and 9555106?
22
What is the highest common factor of 121286 and 91586?
22
Calculate the greatest common divisor of 3316771547 and 41.
41
Calculate the greatest common divisor of 11 and 4680478.
11
Calculate the greatest common divisor of 47 and 33823409.
47
What is the highest common divisor of 4301850 and 11424?
714
What is the greatest common divisor of 19008 and 1446016?
704
What is the greatest common divisor of 591451320 and 60?
60
Calculate the highest common factor of 357366927 and 4899.
213
Calculate the greatest common factor of 551826 and 1094742.
594
What is the highest common divisor of 21009 and 1856391?
447
What is the highest common divisor of 32136 and 39371544?
2472
Calculate the highest common divisor of 3402 and 50065290.
486
Calculate the greatest common factor of 225 and 7575885.
45
What is the highest common divisor of 150682 and 2283918?
658
Calculate the greatest common divisor of 65954690 and 688.
86
What is the greatest common factor of 418 and 3254548?
418
What is the highest common factor of 20345655 and 825?
165
What is the greatest common divisor of 2998184 and 3256?
296
Calculate the greatest common factor of 18 and 12742398.
18
Calculate the greatest common factor of 30458856 and 24.
24
Calculate the highest common factor of 10416096 and 2016.
288
Calculate the highest common factor of 1080 and 17658414.
18
What is the greatest common divisor of 274 and 171643601?
137
What is the greatest common divisor of 429 and 35193741?
33
What is the greatest common factor of 834408 and 79176?
24
Calculate the greatest common divisor of 80398166 and 2390.
478
Calculate the greatest common divisor of 1800 and 102052575.
225
Calculate the greatest common factor of 26236964 and 117.
13
Calculate the greatest common divisor of 